{"id":579,"date":"2022-02-07T18:26:47","date_gmt":"2022-02-07T18:26:47","guid":{"rendered":"https:\/\/lanzaworx.com\/soul-fitness\/?page_id=579"},"modified":"2024-08-17T10:55:45","modified_gmt":"2024-08-17T10:55:45","slug":"testimonios","status":"publish","type":"page","link":"https:\/\/lanzaworx.com\/soul-fitness\/testimonials\/testimonios\/","title":{"rendered":"Testimonios"},"content":{"rendered":"\n<div class=\"wp-block-columns is-layout-flex wp-container-core-columns-is-layout-9d6595d7 wp-block-columns-is-layout-flex\">\n<div class=\"wp-block-column is-layout-flow wp-block-column-is-layout-flow\"><div class=\"wp-block-image\">\n<figure class=\"aligncenter size-full is-resized\"><a href=\"https:\/\/lanzaworx.com\/soul-fitness\"><img data-recalc-dims=\"1\" loading=\"lazy\" decoding=\"async\" width=\"32\" height=\"32\" src=\"https:\/\/i0.wp.com\/lanzaworx.com\/soul-fitness\/wp-content\/uploads\/2022\/01\/home-32x32-1.png?resize=32%2C32&#038;ssl=1\" alt=\"\" class=\"wp-image-234\" style=\"width:34px;height:auto\"\/><\/a><\/figure>\n<\/div><\/div>\n\n\n\n<div class=\"wp-block-column is-layout-flow wp-block-column-is-layout-flow\"><div class=\"wp-block-image\">\n<figure class=\"aligncenter size-full\"><a href=\"https:\/\/lanzaworx.com\/soul-fitness\/testimonials\/testimonianze\/\"><img data-recalc-dims=\"1\" loading=\"lazy\" decoding=\"async\" width=\"32\" height=\"32\" src=\"https:\/\/i0.wp.com\/lanzaworx.com\/soul-fitness\/wp-content\/uploads\/2022\/01\/it-32x32-1.png?resize=32%2C32&#038;ssl=1\" alt=\"\" class=\"wp-image-224\"\/><\/a><\/figure>\n<\/div><\/div>\n\n\n\n<div class=\"wp-block-column is-layout-flow wp-block-column-is-layout-flow\"><div class=\"wp-block-image\">\n<figure class=\"aligncenter size-full\"><a href=\"https:\/\/lanzaworx.com\/soul-fitness\/testimonials\/testimonios\/\"><img data-recalc-dims=\"1\" loading=\"lazy\" decoding=\"async\" width=\"32\" height=\"32\" src=\"https:\/\/i0.wp.com\/lanzaworx.com\/soul-fitness\/wp-content\/uploads\/2022\/01\/es-32x32-1.png?resize=32%2C32&#038;ssl=1\" alt=\"\" class=\"wp-image-225\"\/><\/a><\/figure>\n<\/div><\/div>\n\n\n\n<div class=\"wp-block-column is-layout-flow wp-block-column-is-layout-flow\"><div class=\"wp-block-image\">\n<figure class=\"aligncenter size-full\"><a href=\"https:\/\/lanzaworx.com\/soul-fitness\/testimonials\/\"><img data-recalc-dims=\"1\" loading=\"lazy\" decoding=\"async\" width=\"32\" height=\"32\" src=\"https:\/\/i0.wp.com\/lanzaworx.com\/soul-fitness\/wp-content\/uploads\/2022\/01\/uk-32x32-1.png?resize=32%2C32&#038;ssl=1\" alt=\"\" class=\"wp-image-228\"\/><\/a><\/figure>\n<\/div><\/div>\n<\/div>\n\n\n\n<p><mark style=\"background-color:rgba(0, 0, 0, 0)\" class=\"has-inline-color has-vivid-cyan-blue-color\">GIULIO, 15 A\u00d1OS, ESTUDIANTE &#8211; ROMA &#8211; entrenamiento web<br>\u00a1Mi experiencia con M\u00f3nica fue excepcional! Antes de conocerla, no era amante del ejercicio f\u00edsico, y no sab\u00eda nada del mundo del Fitness. Tener un entrenador personal como t\u00fa me ense\u00f1\u00f3 a tener una relaci\u00f3n m\u00e1s armoniosa con mi cuerpo. Entrenar con ella me dio excelentes resultados y me hizo disfrutar de la actividad f\u00edsica. \u00a1Es una muy buena entrenadora personal y realmente sabe c\u00f3mo apasionarte!<\/mark><\/p>\n\n\n\n<p><mark style=\"background-color:rgba(0, 0, 0, 0)\" class=\"has-inline-color has-vivid-green-cyan-color\">PILAR MARTINEZ, dise\u00f1adora de joyas &#8211; Emprendedora La Coru\u00f1a\/Dubay<br>Muchas gracias Monica, tus clases no solo fortalecen el cuerpo tambi\u00e9n el alma. Tu pasi\u00f3n y energ\u00eda es contagiosa, es un privilegio poder llenarnos de fuerza al aire libre de esa maravillosa isla. Gracias por todo&#8211;<br>Pilar Martinez<\/mark><\/p>\n\n\n\n<p><br><mark style=\"background-color:rgba(0, 0, 0, 0)\" class=\"has-inline-color has-luminous-vivid-amber-color\">GABRIELA SORIANO &#8211; FISIOTERAPEUTA &#8211; LANZAROTE<br>Hola M\u00f3nica tuve la linda experiencia de tomar unas clases contigo fueron pocas porque mis horarios de trabajo no me lo permiten y es una lastima ya que eres una gran profesional, sabes transmitir tus conocimientos, ense\u00f1ar de manera simple diversas rutinas donde se siente de forma integral el trabajo .<br>Siempre te recomendar\u00e9 gracias.<\/mark><\/p>\n\n\n\n<p><mark style=\"background-color:rgba(0, 0, 0, 0)\" class=\"has-inline-color has-vivid-cyan-blue-color\">BEATRIZ OLIVA &#8211; ABOGADA &#8211; LANZAROTE<br>Los entrenamientos con M\u00f3nica me han gustado mucho, muy din\u00e1micos y eficaces. M\u00f3nica es un encanto , tanto en lo personal como en lo profesional, pendiente en todo momento para no lesionarnos vigilando las posturas. Adapta cada entrenamiento al nivel de l@s alunm@s, y nos motiva para que demos un poco m\u00e1s.<\/mark><\/p>\n\n\n\n<p><br><mark style=\"background-color:rgba(0, 0, 0, 0)\" class=\"has-inline-color has-vivid-green-cyan-color\">MARIA DE LOS ANGELES &#8211; ESTETICIEN &#8211; LANZAROTE<br>Quiero contar mi experiencia con Monica a nivel entrenamiento, a parte de conocerla desde antes\u2026me gusta su forma de ver la vida, muy entusiasta y divertida\u2026<br>Pero a lo que voy es a la hora de conocerla como entrenadora, es una inspiraci\u00f3n a este nivel ya solo por tu porte f\u00edsico..que de por s\u00ed habla s\u00f3lo..y me gusta tus entrenos..pues eres motivadora, creas variedad en ellos..te gusta estar atenta de que cada ejercicio lo ejecutes de forma correcta,te gusta conocerme a nivel necesidades de mi cuerpo que quiero mejorar.te ocupas de si llevas una rutina diaria incluso alimenticia sana\u2026tu labor como entrenadora lo realizas con pasi\u00f3n, me he sentido que puedo con todo y que puedo lograr esos objetivos de esculpir mi cuerpo\u2026muchas gracias..saludos<br>\u00c1ngeles..<\/mark><\/p>\n","protected":false},"excerpt":{"rendered":"<p>GIULIO, 15 A\u00d1OS, ESTUDIANTE &#8211; ROMA &#8211; entrenamiento web\u00a1Mi experiencia con M\u00f3nica fue excepcional! Antes de conocerla, no era amante del ejercicio f\u00edsico, y no sab\u00eda nada del mundo del Fitness. Tener un entrenador personal como t\u00fa me ense\u00f1\u00f3 a tener una relaci\u00f3n m\u00e1s armoniosa con mi cuerpo. Entrenar con ella me dio excelentes resultados &hellip; <\/p>\n<p class=\"link-more\"><a href=\"https:\/\/lanzaworx.com\/soul-fitness\/testimonials\/testimonios\/\" class=\"more-link\">Continue reading<span class=\"screen-reader-text\"> &#8220;Testimonios&#8221;<\/span><\/a><\/p>\n","protected":false},"author":1,"featured_media":0,"parent":574,"menu_order":0,"comment_status":"closed","ping_status":"closed","template":"spanish-page.php","meta":{"footnotes":""},"class_list":["post-579","page","type-page","status-publish","hentry"],"jetpack_sharing_enabled":true,"jetpack_likes_enabled":true,"_links":{"self":[{"href":"https:\/\/lanzaworx.com\/soul-fitness\/wp-json\/wp\/v2\/pages\/579","targetHints":{"allow":["GET"]}}],"collection":[{"href":"https:\/\/lanzaworx.com\/soul-fitness\/wp-json\/wp\/v2\/pages"}],"about":[{"href":"https:\/\/lanzaworx.com\/soul-fitness\/wp-json\/wp\/v2\/types\/page"}],"author":[{"embeddable":true,"href":"https:\/\/lanzaworx.com\/soul-fitness\/wp-json\/wp\/v2\/users\/1"}],"replies":[{"embeddable":true,"href":"https:\/\/lanzaworx.com\/soul-fitness\/wp-json\/wp\/v2\/comments?post=579"}],"version-history":[{"count":6,"href":"https:\/\/lanzaworx.com\/soul-fitness\/wp-json\/wp\/v2\/pages\/579\/revisions"}],"predecessor-version":[{"id":1275,"href":"https:\/\/lanzaworx.com\/soul-fitness\/wp-json\/wp\/v2\/pages\/579\/revisions\/1275"}],"up":[{"embeddable":true,"href":"https:\/\/lanzaworx.com\/soul-fitness\/wp-json\/wp\/v2\/pages\/574"}],"wp:attachment":[{"href":"https:\/\/lanzaworx.com\/soul-fitness\/wp-json\/wp\/v2\/media?parent=579"}],"curies":[{"name":"wp","href":"https:\/\/api.w.org\/{rel}","templated":true}]}}