{"id":437,"date":"2022-01-27T19:17:11","date_gmt":"2022-01-27T19:17:11","guid":{"rendered":"https:\/\/lanzaworx.com\/soul-fitness\/?page_id=437"},"modified":"2025-02-25T14:20:49","modified_gmt":"2025-02-25T14:20:49","slug":"informacion-util","status":"publish","type":"page","link":"https:\/\/lanzaworx.com\/soul-fitness\/useful-links\/informacion-util\/","title":{"rendered":"Informaci\u00f3n \u00fatil"},"content":{"rendered":"\n<p><mark style=\"background-color:rgba(0, 0, 0, 0)\" class=\"has-inline-color has-vivid-green-cyan-color\">Aqu\u00ed hemos enumerado algunos enlaces a empresas locales y sitios web interesantes que pueden resultarle \u00fatiles tanto si est\u00e1 de vacaciones como si es residente.<\/mark><\/p>\n\n\n\n<p><mark style=\"background-color:rgba(0, 0, 0, 0)\" class=\"has-inline-color has-luminous-vivid-amber-color\">Qui abbiamo elencato alcuni collegamenti ad attivit\u00e0 commerciali locali e siti web interessanti che potresti trovare utili sia che tu sia in vacanza o residente.<\/mark><\/p>\n\n\n\n<p>Here we have listed a few links to local businesses and interesting websites which you may find useful whether you are on holiday or a resident.<\/p>\n\n\n\n<h2 class=\"wp-block-heading\" id=\"transport\">Transport<\/h2>\n\n\n\n<h3 class=\"wp-block-heading\" id=\"bus\">Bus, <\/h3>\n\n\n\n<div class=\"wp-block-media-text alignwide is-stacked-on-mobile\" style=\"grid-template-columns:17% auto\"><figure class=\"wp-block-media-text__media\"><a href=\"https:\/\/arrecifebus.com\/index.php?option=com_content&amp;view=article&amp;id=1235&amp;Itemid=228&amp;lang=en\" target=\"_blank\" rel=\"noopener\"><img data-recalc-dims=\"1\" loading=\"lazy\" decoding=\"async\" width=\"225\" height=\"225\" src=\"https:\/\/i0.wp.com\/lanzaworx.com\/soul-fitness\/wp-content\/uploads\/2022\/03\/bus.jpg?resize=225%2C225&#038;ssl=1\" alt=\"\" class=\"wp-image-703 size-full\" srcset=\"https:\/\/i0.wp.com\/lanzaworx.com\/soul-fitness\/wp-content\/uploads\/2022\/03\/bus.jpg?w=225&amp;ssl=1 225w, https:\/\/i0.wp.com\/lanzaworx.com\/soul-fitness\/wp-content\/uploads\/2022\/03\/bus.jpg?resize=150%2C150&amp;ssl=1 150w, https:\/\/i0.wp.com\/lanzaworx.com\/soul-fitness\/wp-content\/uploads\/2022\/03\/bus.jpg?resize=100%2C100&amp;ssl=1 100w\" sizes=\"auto, (max-width: 225px) 100vw, 225px\" \/><\/a><\/figure><div class=\"wp-block-media-text__content\">\n<p class=\"has-large-font-size\"><a href=\"https:\/\/arrecifebus.com\/index.php?option=com_content&amp;view=article&amp;id=1235&amp;Itemid=228&amp;lang=en\" target=\"_blank\" rel=\"noreferrer noopener\"><span class=\"has-inline-color has-vivid-cyan-blue-color\">Timetable and Routes<\/span><\/a><\/p>\n<\/div><\/div>\n\n\n\n<h2 class=\"wp-block-heading\" id=\"taxi\">Taxi<\/h2>\n\n\n\n<div class=\"wp-block-media-text alignwide has-media-on-the-right is-stacked-on-mobile\" style=\"grid-template-columns:auto 17%\"><div class=\"wp-block-media-text__content\">\n<p class=\"has-large-font-size\">0034 928 52 42 23<\/p>\n<\/div><figure class=\"wp-block-media-text__media\"><img data-recalc-dims=\"1\" loading=\"lazy\" decoding=\"async\" width=\"298\" height=\"169\" src=\"https:\/\/i0.wp.com\/lanzaworx.com\/soul-fitness\/wp-content\/uploads\/2022\/03\/taxi.png?resize=298%2C169&#038;ssl=1\" alt=\"\" class=\"wp-image-704 size-full\"\/><\/figure><\/div>\n\n\n\n<h3 class=\"wp-block-heading\" id=\"flight-information\">Flight Information<\/h3>\n\n\n\n<div class=\"wp-block-media-text alignwide is-stacked-on-mobile\" style=\"grid-template-columns:16% auto\"><figure class=\"wp-block-media-text__media\"><img data-recalc-dims=\"1\" loading=\"lazy\" decoding=\"async\" width=\"311\" height=\"162\" src=\"https:\/\/i0.wp.com\/lanzaworx.com\/soul-fitness\/wp-content\/uploads\/2022\/03\/plane.jpg?resize=311%2C162&#038;ssl=1\" alt=\"\" class=\"wp-image-705 size-full\" srcset=\"https:\/\/i0.wp.com\/lanzaworx.com\/soul-fitness\/wp-content\/uploads\/2022\/03\/plane.jpg?w=311&amp;ssl=1 311w, https:\/\/i0.wp.com\/lanzaworx.com\/soul-fitness\/wp-content\/uploads\/2022\/03\/plane.jpg?resize=300%2C156&amp;ssl=1 300w\" sizes=\"auto, (max-width: 311px) 100vw, 311px\" \/><\/figure><div class=\"wp-block-media-text__content\">\n<p class=\"has-large-font-size\"><a href=\"https:\/\/www.lanzarote-airport.net\/departures.php\" target=\"_blank\" rel=\"noreferrer noopener\"><span class=\"has-inline-color has-vivid-cyan-blue-color\">Departures<\/span><\/a> | <a href=\"https:\/\/www.lanzarote-airport.net\/arrivals.php\" target=\"_blank\" rel=\"noreferrer noopener\"><span class=\"has-inline-color has-vivid-green-cyan-color\">Arrivals<\/span><\/a><\/p>\n<\/div><\/div>\n\n\n\n<div style=\"height:50px\" aria-hidden=\"true\" class=\"wp-block-spacer\"><\/div>\n\n\n\n<h2 class=\"wp-block-heading\">Pasta e Pizza<\/h2>\n\n\n\n<div class=\"wp-block-media-text is-stacked-on-mobile\" style=\"grid-template-columns:25% auto\"><figure class=\"wp-block-media-text__media\"><a href=\"https:\/\/lanzaworx.com\/pasta-e-pizza\/\" target=\"_blank\" rel=\"noreferrer noopener\"><img data-recalc-dims=\"1\" loading=\"lazy\" decoding=\"async\" width=\"525\" height=\"558\" src=\"https:\/\/i0.wp.com\/lanzaworx.com\/soul-fitness\/wp-content\/uploads\/2023\/11\/Front-Page-Menu-Graphics.png?resize=525%2C558&#038;ssl=1\" alt=\"\" class=\"wp-image-945 size-full\" srcset=\"https:\/\/i0.wp.com\/lanzaworx.com\/soul-fitness\/wp-content\/uploads\/2023\/11\/Front-Page-Menu-Graphics.png?resize=963%2C1024&amp;ssl=1 963w, https:\/\/i0.wp.com\/lanzaworx.com\/soul-fitness\/wp-content\/uploads\/2023\/11\/Front-Page-Menu-Graphics.png?resize=282%2C300&amp;ssl=1 282w, https:\/\/i0.wp.com\/lanzaworx.com\/soul-fitness\/wp-content\/uploads\/2023\/11\/Front-Page-Menu-Graphics.png?resize=768%2C817&amp;ssl=1 768w, https:\/\/i0.wp.com\/lanzaworx.com\/soul-fitness\/wp-content\/uploads\/2023\/11\/Front-Page-Menu-Graphics.png?w=1165&amp;ssl=1 1165w, https:\/\/i0.wp.com\/lanzaworx.com\/soul-fitness\/wp-content\/uploads\/2023\/11\/Front-Page-Menu-Graphics.png?w=1050&amp;ssl=1 1050w\" sizes=\"auto, (max-width: 706px) 89vw, (max-width: 767px) 82vw, 740px\" \/><\/a><\/figure><div class=\"wp-block-media-text__content\">\n<p>Pasta e Pizza is a family run Pizzer\u00eda in Costa Teguise .  We pride ourselves on our home made dishes, all lovingly prepared from seasonal fresh locally sourced ingredients wherever possible.<\/p>\n\n\n\n<p>Click the image to open the website.<\/p>\n<\/div><\/div>\n\n\n\n<p>Avenida del Jablillo, S.N35508 Costa Teguise, Las Palmas, Espa\u00f1a.<\/p>\n\n\n\n<p>Mobile: 666991918<\/p>\n\n\n\n<div class=\"wp-block-jetpack-send-a-message\">\n<div class=\"wp-block-jetpack-whatsapp-button is-color-dark\"><a class=\"whatsapp-block__button\" href=\"https:\/\/api.whatsapp.com\/send?phone=34666991918&amp;text=Hi%2C%20I%20got%20your%20WhatsApp%20information%20from%20your%20website.\" style=\"background-color:#25D366;color:#fff\" target=\"_self\" rel=\"noopener noreferrer\">Chat on WhatsApp<\/a><\/div>\n<\/div>\n\n\n\n<div style=\"height:100px\" aria-hidden=\"true\" class=\"wp-block-spacer\"><\/div>\n\n\n\n<h2 class=\"wp-block-heading\" id=\"activities\">Activities<\/h2>\n\n\n\n<h3 class=\"wp-block-heading\" id=\"marga-s-bike-scooter-rental\">Marga\u2019s Bike &amp; Scooter Rental<\/h3>\n\n\n\n<div class=\"wp-block-media-text alignwide has-media-on-the-right is-stacked-on-mobile\" style=\"grid-template-columns:auto 33%\"><div class=\"wp-block-media-text__content\">\n<p>We rent Mountain Bikes, Mobility Scooters &amp; the increasingly popular single person Electric Scooters.<\/p>\n<\/div><figure class=\"wp-block-media-text__media\"><a href=\"http:\/\/lanzaworx.com\/marga-rent\" target=\"_blank\" rel=\"noreferrer noopener\"><img decoding=\"async\" src=\"https:\/\/i2.wp.com\/lanzaworx.com\/sin-prisa\/wp-content\/uploads\/2021\/12\/IMG_20211217_135802-1-scaled.jpg?fit=525%2C394&amp;ssl=1\" alt=\"\" class=\"wp-image-232 size-full\"\/><\/a><\/figure><\/div>\n\n\n\n<p>Click <a href=\"http:\/\/lanzaworx.com\/marga-rent\" data-type=\"URL\" data-id=\"lanzaworx.com\/marga-rent\"><mark style=\"background-color:rgba(0, 0, 0, 0)\" class=\"has-inline-color has-vivid-cyan-blue-color\">here<\/mark><\/a> to open our website.<\/p>\n\n\n\n<p>You can reach us by telephone:  Call, Text or WhatsApp  : 0034 660 821 417<\/p>\n\n\n\n<p>You can e-mail us:  marga-rent@lanzaworx.com<\/p>\n\n\n\n<a style=\"color:MediumSeaGreen;\" href=\"marga-rent@lanzaworx.com?subject=marga-rent Enquiry\">marga-rent@lanzaworx.com<\/a>\n\n\n\n<div style=\"height:50px\" aria-hidden=\"true\" class=\"wp-block-spacer\"><\/div>\n\n\n\n<div class=\"wp-block-jetpack-send-a-message\">\n<div class=\"wp-block-jetpack-whatsapp-button is-color-dark\"><a class=\"whatsapp-block__button\" href=\"https:\/\/api.whatsapp.com\/send?phone=34660821417&amp;text=Hi%2C%20I%20got%20your%20WhatsApp%20information%20from%20Soul%20Fitness%20website.\" style=\"background-color:#25D366;color:#fff\" target=\"_self\" rel=\"noopener noreferrer\">Chat on WhatsApp<\/a><\/div>\n<\/div>\n\n\n\n<div style=\"height:50px\" aria-hidden=\"true\" class=\"wp-block-spacer\"><\/div>\n\n\n\n<h3 class=\"wp-block-heading\" id=\"walking-lanzarote-in-circles\">Walking Lanzarote In Circles<\/h3>\n\n\n\n<p>Walking Lanzarote In Circles as the name suggests is all about circular walks. We hate retracing our steps.<\/p>\n\n\n\n<div class=\"wp-block-media-text alignwide is-stacked-on-mobile\" style=\"grid-template-columns:31% auto\"><figure class=\"wp-block-media-text__media\"><a href=\"lanzaworx.com\/walks\" target=\"_blank\" rel=\"noopener\"><img data-recalc-dims=\"1\" loading=\"lazy\" decoding=\"async\" width=\"525\" height=\"394\" src=\"https:\/\/i0.wp.com\/lanzaworx.com\/soul-fitness\/wp-content\/uploads\/2023\/11\/Image00004.jpg?resize=525%2C394&#038;ssl=1\" alt=\"\" class=\"wp-image-950 size-full\" srcset=\"https:\/\/i0.wp.com\/lanzaworx.com\/soul-fitness\/wp-content\/uploads\/2023\/11\/Image00004.jpg?resize=1024%2C768&amp;ssl=1 1024w, https:\/\/i0.wp.com\/lanzaworx.com\/soul-fitness\/wp-content\/uploads\/2023\/11\/Image00004.jpg?resize=300%2C225&amp;ssl=1 300w, https:\/\/i0.wp.com\/lanzaworx.com\/soul-fitness\/wp-content\/uploads\/2023\/11\/Image00004.jpg?resize=768%2C576&amp;ssl=1 768w, https:\/\/i0.wp.com\/lanzaworx.com\/soul-fitness\/wp-content\/uploads\/2023\/11\/Image00004.jpg?w=1200&amp;ssl=1 1200w\" sizes=\"auto, (max-width: 706px) 89vw, (max-width: 767px) 82vw, 740px\" \/><\/a><\/figure><div class=\"wp-block-media-text__content\">\n<p>Lanzarote has many interesting tracks and trails to follow. Whether these routes follow stunning coastal scenery or reach up onto the fascinating volcanic mountain ranges. They invariably provide insights into a rich and intriguing historical past.<\/p>\n<\/div><\/div>\n\n\n\n<p>There are a number of very good A to B hiking guides for Lanzarote, but we prefer interesting circular routes of between 1 and 4 hours. If there is a chance of a coffee and a cake all the better. To this end we have compiled a number of walks, with maps, photos, and notes on fauna and flora. We are also interested in the agricultural and hydrological heritage of the island.<\/p>\n\n\n\n<p>Click on the image above to open the<a rel=\"noreferrer noopener\" href=\"https:\/\/lanzaworx.com\/walks\" target=\"_blank\">&nbsp;<span class=\"has-inline-color has-vivid-cyan-blue-color\">website<\/span><\/a>&nbsp;in a new tab.<\/p>\n\n\n\n<div style=\"height:50px\" aria-hidden=\"true\" class=\"wp-block-spacer\"><\/div>\n\n\n\n<div style=\"height:100px\" aria-hidden=\"true\" class=\"wp-block-spacer\"><\/div>\n","protected":false},"excerpt":{"rendered":"<p>Aqu\u00ed hemos enumerado algunos enlaces a empresas locales y sitios web interesantes que pueden resultarle \u00fatiles tanto si est\u00e1 de vacaciones como si es residente. Qui abbiamo elencato alcuni collegamenti ad attivit\u00e0 commerciali locali e siti web interessanti che potresti trovare utili sia che tu sia in vacanza o residente. Here we have listed a &hellip; <\/p>\n<p class=\"link-more\"><a href=\"https:\/\/lanzaworx.com\/soul-fitness\/useful-links\/informacion-util\/\" class=\"more-link\">Continue reading<span class=\"screen-reader-text\"> &#8220;Informaci\u00f3n \u00fatil&#8221;<\/span><\/a><\/p>\n","protected":false},"author":1,"featured_media":0,"parent":120,"menu_order":0,"comment_status":"closed","ping_status":"closed","template":"spanish-page.php","meta":{"footnotes":""},"class_list":["post-437","page","type-page","status-publish","hentry"],"jetpack_sharing_enabled":true,"jetpack_likes_enabled":true,"_links":{"self":[{"href":"https:\/\/lanzaworx.com\/soul-fitness\/wp-json\/wp\/v2\/pages\/437","targetHints":{"allow":["GET"]}}],"collection":[{"href":"https:\/\/lanzaworx.com\/soul-fitness\/wp-json\/wp\/v2\/pages"}],"about":[{"href":"https:\/\/lanzaworx.com\/soul-fitness\/wp-json\/wp\/v2\/types\/page"}],"author":[{"embeddable":true,"href":"https:\/\/lanzaworx.com\/soul-fitness\/wp-json\/wp\/v2\/users\/1"}],"replies":[{"embeddable":true,"href":"https:\/\/lanzaworx.com\/soul-fitness\/wp-json\/wp\/v2\/comments?post=437"}],"version-history":[{"count":8,"href":"https:\/\/lanzaworx.com\/soul-fitness\/wp-json\/wp\/v2\/pages\/437\/revisions"}],"predecessor-version":[{"id":1386,"href":"https:\/\/lanzaworx.com\/soul-fitness\/wp-json\/wp\/v2\/pages\/437\/revisions\/1386"}],"up":[{"embeddable":true,"href":"https:\/\/lanzaworx.com\/soul-fitness\/wp-json\/wp\/v2\/pages\/120"}],"wp:attachment":[{"href":"https:\/\/lanzaworx.com\/soul-fitness\/wp-json\/wp\/v2\/media?parent=437"}],"curies":[{"name":"wp","href":"https:\/\/api.w.org\/{rel}","templated":true}]}}