{"id":431,"date":"2022-01-27T19:09:08","date_gmt":"2022-01-27T19:09:08","guid":{"rendered":"https:\/\/lanzaworx.com\/soul-fitness\/?page_id=431"},"modified":"2025-02-25T15:07:01","modified_gmt":"2025-02-25T15:07:01","slug":"soul-fitness-lanzarote-espanol","status":"publish","type":"page","link":"https:\/\/lanzaworx.com\/soul-fitness\/","title":{"rendered":"Soul Fitness Lanzarote"},"content":{"rendered":"\n<div class=\"wp-block-columns is-layout-flex wp-container-core-columns-is-layout-9d6595d7 wp-block-columns-is-layout-flex\">\n<div class=\"wp-block-column is-layout-flow wp-block-column-is-layout-flow\"><div class=\"wp-block-image\">\n<figure class=\"aligncenter size-full is-resized\"><a href=\"https:\/\/lanzaworx.com\/soul-fitness\"><img data-recalc-dims=\"1\" loading=\"lazy\" decoding=\"async\" width=\"32\" height=\"32\" src=\"https:\/\/i0.wp.com\/lanzaworx.com\/soul-fitness\/wp-content\/uploads\/2022\/01\/home-32x32-1.png?resize=32%2C32&#038;ssl=1\" alt=\"\" class=\"wp-image-234\" style=\"width:34px;height:auto\"\/><\/a><\/figure>\n<\/div><\/div>\n\n\n\n<div class=\"wp-block-column is-layout-flow wp-block-column-is-layout-flow\"><div class=\"wp-block-image\">\n<figure class=\"aligncenter size-full\"><a href=\"https:\/\/lanzaworx.com\/soul-fitness\/soul-fitness-lanzarote-italia\/\"><img data-recalc-dims=\"1\" loading=\"lazy\" decoding=\"async\" width=\"32\" height=\"32\" src=\"https:\/\/i0.wp.com\/lanzaworx.com\/soul-fitness\/wp-content\/uploads\/2022\/01\/it-32x32-1.png?resize=32%2C32&#038;ssl=1\" alt=\"\" class=\"wp-image-224\"\/><\/a><\/figure>\n<\/div><\/div>\n\n\n\n<div class=\"wp-block-column is-layout-flow wp-block-column-is-layout-flow\"><div class=\"wp-block-image\">\n<figure class=\"aligncenter size-full\"><a href=\"https:\/\/lanzaworx.com\/soul-fitness\/\"><img data-recalc-dims=\"1\" loading=\"lazy\" decoding=\"async\" width=\"32\" height=\"32\" src=\"https:\/\/i0.wp.com\/lanzaworx.com\/soul-fitness\/wp-content\/uploads\/2022\/01\/es-32x32-1.png?resize=32%2C32&#038;ssl=1\" alt=\"\" class=\"wp-image-225\"\/><\/a><\/figure>\n<\/div><\/div>\n\n\n\n<div class=\"wp-block-column is-layout-flow wp-block-column-is-layout-flow\"><div class=\"wp-block-image\">\n<figure class=\"aligncenter size-full\"><a href=\"https:\/\/lanzaworx.com\/soul-fitness\/home\/\"><img data-recalc-dims=\"1\" loading=\"lazy\" decoding=\"async\" width=\"32\" height=\"32\" src=\"https:\/\/i0.wp.com\/lanzaworx.com\/soul-fitness\/wp-content\/uploads\/2022\/01\/uk-32x32-1.png?resize=32%2C32&#038;ssl=1\" alt=\"\" class=\"wp-image-228\"\/><\/a><\/figure>\n<\/div><\/div>\n<\/div>\n\n\n\n<h3 class=\"wp-block-heading\" id=\"salud-global-cuidado-holistico-mente-cuerpo-alma\">SALUD GLOBAL, CUIDADO HOL\u00cdSTICO, MENTE, CUERPO, ALMA<\/h3>\n\n\n\n<p>Soul Fitness Lanzarote significa salud a nivel global, cuidado hol\u00edstico. Para mantener un perfecto estado de salud, tenemos que vivir en armon\u00eda, encontrar un equilibrio entre mente, cuerpo y esp\u00edritu (alma). Por esta raz\u00f3n, SFL abarca diferentes actividades.<\/p>\n\n\n\n<p><br>Soy entrenadora personal \u00a1apasionada por mi trabajo! Te ayudar\u00e9 a conseguir tus objetivos, entrenando tu cuerpo y vaciando, calmando tu mente, para encontrar el equilibrio perfecto para tu vida.<\/p>\n\n\n\n<div class=\"wp-block-jetpack-slideshow aligncenter\" data-autoplay=\"true\" data-delay=\"3\" data-effect=\"slide\"><div class=\"wp-block-jetpack-slideshow_container swiper-container\"><ul class=\"wp-block-jetpack-slideshow_swiper-wrapper swiper-wrapper\"><li class=\"wp-block-jetpack-slideshow_slide swiper-slide\"><figure><img data-recalc-dims=\"1\" loading=\"lazy\" decoding=\"async\" width=\"525\" height=\"958\" alt=\"\" class=\"wp-block-jetpack-slideshow_image wp-image-1146\" data-id=\"1146\" src=\"https:\/\/i0.wp.com\/lanzaworx.com\/soul-fitness\/wp-content\/uploads\/2024\/08\/IMG-20240510-WA0032.jpg?resize=525%2C958&#038;ssl=1\" srcset=\"https:\/\/i0.wp.com\/lanzaworx.com\/soul-fitness\/wp-content\/uploads\/2024\/08\/IMG-20240510-WA0032.jpg?resize=561%2C1024&amp;ssl=1 561w, https:\/\/i0.wp.com\/lanzaworx.com\/soul-fitness\/wp-content\/uploads\/2024\/08\/IMG-20240510-WA0032.jpg?resize=164%2C300&amp;ssl=1 164w, https:\/\/i0.wp.com\/lanzaworx.com\/soul-fitness\/wp-content\/uploads\/2024\/08\/IMG-20240510-WA0032.jpg?resize=768%2C1402&amp;ssl=1 768w, https:\/\/i0.wp.com\/lanzaworx.com\/soul-fitness\/wp-content\/uploads\/2024\/08\/IMG-20240510-WA0032.jpg?w=820&amp;ssl=1 820w\" sizes=\"(max-width: 525px) 100vw, 525px\" \/><\/figure><\/li><li class=\"wp-block-jetpack-slideshow_slide swiper-slide\"><figure><img data-recalc-dims=\"1\" loading=\"lazy\" decoding=\"async\" width=\"525\" height=\"933\" alt=\"\" class=\"wp-block-jetpack-slideshow_image wp-image-1111\" data-id=\"1111\" src=\"https:\/\/i0.wp.com\/lanzaworx.com\/soul-fitness\/wp-content\/uploads\/2024\/08\/VideoCapture_20240705-090455.jpg?resize=525%2C933&#038;ssl=1\" srcset=\"https:\/\/i0.wp.com\/lanzaworx.com\/soul-fitness\/wp-content\/uploads\/2024\/08\/VideoCapture_20240705-090455.jpg?resize=576%2C1024&amp;ssl=1 576w, https:\/\/i0.wp.com\/lanzaworx.com\/soul-fitness\/wp-content\/uploads\/2024\/08\/VideoCapture_20240705-090455.jpg?resize=169%2C300&amp;ssl=1 169w, https:\/\/i0.wp.com\/lanzaworx.com\/soul-fitness\/wp-content\/uploads\/2024\/08\/VideoCapture_20240705-090455.jpg?resize=768%2C1365&amp;ssl=1 768w, https:\/\/i0.wp.com\/lanzaworx.com\/soul-fitness\/wp-content\/uploads\/2024\/08\/VideoCapture_20240705-090455.jpg?resize=864%2C1536&amp;ssl=1 864w, https:\/\/i0.wp.com\/lanzaworx.com\/soul-fitness\/wp-content\/uploads\/2024\/08\/VideoCapture_20240705-090455.jpg?w=1080&amp;ssl=1 1080w\" sizes=\"(max-width: 525px) 100vw, 525px\" \/><\/figure><\/li><li class=\"wp-block-jetpack-slideshow_slide swiper-slide\"><figure><img data-recalc-dims=\"1\" loading=\"lazy\" decoding=\"async\" width=\"525\" height=\"394\" alt=\"\" class=\"wp-block-jetpack-slideshow_image wp-image-1070\" data-id=\"1070\" src=\"https:\/\/i0.wp.com\/lanzaworx.com\/soul-fitness\/wp-content\/uploads\/2024\/08\/IMG-20240510-WA0034.jpg?resize=525%2C394&#038;ssl=1\" srcset=\"https:\/\/i0.wp.com\/lanzaworx.com\/soul-fitness\/wp-content\/uploads\/2024\/08\/IMG-20240510-WA0034.jpg?resize=1024%2C768&amp;ssl=1 1024w, https:\/\/i0.wp.com\/lanzaworx.com\/soul-fitness\/wp-content\/uploads\/2024\/08\/IMG-20240510-WA0034.jpg?resize=300%2C225&amp;ssl=1 300w, https:\/\/i0.wp.com\/lanzaworx.com\/soul-fitness\/wp-content\/uploads\/2024\/08\/IMG-20240510-WA0034.jpg?resize=768%2C576&amp;ssl=1 768w, https:\/\/i0.wp.com\/lanzaworx.com\/soul-fitness\/wp-content\/uploads\/2024\/08\/IMG-20240510-WA0034.jpg?w=1200&amp;ssl=1 1200w\" sizes=\"(max-width: 706px) 89vw, (max-width: 767px) 82vw, 740px\" \/><\/figure><\/li><li class=\"wp-block-jetpack-slideshow_slide swiper-slide\"><figure><img data-recalc-dims=\"1\" loading=\"lazy\" decoding=\"async\" width=\"525\" height=\"394\" alt=\"\" class=\"wp-block-jetpack-slideshow_image wp-image-1062\" data-id=\"1062\" src=\"https:\/\/i0.wp.com\/lanzaworx.com\/soul-fitness\/wp-content\/uploads\/2024\/08\/20231115_113127.jpg?resize=525%2C394&#038;ssl=1\" srcset=\"https:\/\/i0.wp.com\/lanzaworx.com\/soul-fitness\/wp-content\/uploads\/2024\/08\/20231115_113127.jpg?resize=1024%2C768&amp;ssl=1 1024w, https:\/\/i0.wp.com\/lanzaworx.com\/soul-fitness\/wp-content\/uploads\/2024\/08\/20231115_113127.jpg?resize=300%2C225&amp;ssl=1 300w, https:\/\/i0.wp.com\/lanzaworx.com\/soul-fitness\/wp-content\/uploads\/2024\/08\/20231115_113127.jpg?resize=768%2C576&amp;ssl=1 768w, https:\/\/i0.wp.com\/lanzaworx.com\/soul-fitness\/wp-content\/uploads\/2024\/08\/20231115_113127.jpg?w=1200&amp;ssl=1 1200w\" sizes=\"(max-width: 706px) 89vw, (max-width: 767px) 82vw, 740px\" \/><\/figure><\/li><li class=\"wp-block-jetpack-slideshow_slide swiper-slide\"><figure><img data-recalc-dims=\"1\" loading=\"lazy\" decoding=\"async\" width=\"525\" height=\"933\" alt=\"\" class=\"wp-block-jetpack-slideshow_image wp-image-1025\" data-id=\"1025\" src=\"https:\/\/i0.wp.com\/lanzaworx.com\/soul-fitness\/wp-content\/uploads\/2024\/08\/IMG-20240624-WA00911.jpg?resize=525%2C933&#038;ssl=1\" srcset=\"https:\/\/i0.wp.com\/lanzaworx.com\/soul-fitness\/wp-content\/uploads\/2024\/08\/IMG-20240624-WA00911.jpg?resize=576%2C1024&amp;ssl=1 576w, https:\/\/i0.wp.com\/lanzaworx.com\/soul-fitness\/wp-content\/uploads\/2024\/08\/IMG-20240624-WA00911.jpg?resize=169%2C300&amp;ssl=1 169w, https:\/\/i0.wp.com\/lanzaworx.com\/soul-fitness\/wp-content\/uploads\/2024\/08\/IMG-20240624-WA00911.jpg?resize=768%2C1365&amp;ssl=1 768w, https:\/\/i0.wp.com\/lanzaworx.com\/soul-fitness\/wp-content\/uploads\/2024\/08\/IMG-20240624-WA00911.jpg?resize=864%2C1536&amp;ssl=1 864w, https:\/\/i0.wp.com\/lanzaworx.com\/soul-fitness\/wp-content\/uploads\/2024\/08\/IMG-20240624-WA00911.jpg?w=900&amp;ssl=1 900w\" sizes=\"(max-width: 525px) 100vw, 525px\" \/><\/figure><\/li><li class=\"wp-block-jetpack-slideshow_slide swiper-slide\"><figure><img data-recalc-dims=\"1\" loading=\"lazy\" decoding=\"async\" width=\"525\" height=\"296\" alt=\"\" class=\"wp-block-jetpack-slideshow_image wp-image-988\" data-id=\"988\" src=\"https:\/\/i0.wp.com\/lanzaworx.com\/soul-fitness\/wp-content\/uploads\/2024\/08\/20240704_120416.jpg?resize=525%2C296&#038;ssl=1\" srcset=\"https:\/\/i0.wp.com\/lanzaworx.com\/soul-fitness\/wp-content\/uploads\/2024\/08\/20240704_120416.jpg?resize=1024%2C577&amp;ssl=1 1024w, https:\/\/i0.wp.com\/lanzaworx.com\/soul-fitness\/wp-content\/uploads\/2024\/08\/20240704_120416.jpg?resize=300%2C169&amp;ssl=1 300w, https:\/\/i0.wp.com\/lanzaworx.com\/soul-fitness\/wp-content\/uploads\/2024\/08\/20240704_120416.jpg?resize=768%2C433&amp;ssl=1 768w, https:\/\/i0.wp.com\/lanzaworx.com\/soul-fitness\/wp-content\/uploads\/2024\/08\/20240704_120416.jpg?w=1200&amp;ssl=1 1200w\" sizes=\"(max-width: 706px) 89vw, (max-width: 767px) 82vw, 740px\" \/><\/figure><\/li><\/ul><a class=\"wp-block-jetpack-slideshow_button-prev swiper-button-prev swiper-button-white\" role=\"button\"><\/a><a class=\"wp-block-jetpack-slideshow_button-next swiper-button-next swiper-button-white\" role=\"button\"><\/a><a aria-label=\"Pause Slideshow\" class=\"wp-block-jetpack-slideshow_button-pause\" role=\"button\"><\/a><div class=\"wp-block-jetpack-slideshow_pagination swiper-pagination swiper-pagination-white\"><\/div><\/div><\/div>\n\n\n\n<p>Te ense\u00f1o a &#8220;escuchar&#8221; tu cuerpo, tus m\u00fasculos y como llegar a conocerte m\u00e1s profundamente. Descubrir\u00e1s un nuevo &#8220;YO&#8221;, nuevos movimientos, la importancia de sentirse a gusto consigo mismo, desarrollar\u00e1s m\u00e1s resistencia, m\u00e1s fuerza y potencia, m\u00e1s flexibilidad. Al mismo tiempo, tu mente se vaciar\u00e1 de todos los pensamientos que te descargan y gastan energ\u00eda.<\/p>\n","protected":false},"excerpt":{"rendered":"<p>SALUD GLOBAL, CUIDADO HOL\u00cdSTICO, MENTE, CUERPO, ALMA Soul Fitness Lanzarote significa salud a nivel global, cuidado hol\u00edstico. Para mantener un perfecto estado de salud, tenemos que vivir en armon\u00eda, encontrar un equilibrio entre mente, cuerpo y esp\u00edritu (alma). Por esta raz\u00f3n, SFL abarca diferentes actividades. Soy entrenadora personal \u00a1apasionada por mi trabajo! Te ayudar\u00e9 a &hellip; <\/p>\n<p class=\"link-more\"><a href=\"https:\/\/lanzaworx.com\/soul-fitness\/\" class=\"more-link\">Continue reading<span class=\"screen-reader-text\"> &#8220;Soul Fitness Lanzarote&#8221;<\/span><\/a><\/p>\n","protected":false},"author":1,"featured_media":156,"parent":12,"menu_order":0,"comment_status":"closed","ping_status":"closed","template":"spanish-page.php","meta":{"footnotes":""},"class_list":["post-431","page","type-page","status-publish","has-post-thumbnail","hentry"],"jetpack_sharing_enabled":true,"jetpack_likes_enabled":true,"_links":{"self":[{"href":"https:\/\/lanzaworx.com\/soul-fitness\/wp-json\/wp\/v2\/pages\/431","targetHints":{"allow":["GET"]}}],"collection":[{"href":"https:\/\/lanzaworx.com\/soul-fitness\/wp-json\/wp\/v2\/pages"}],"about":[{"href":"https:\/\/lanzaworx.com\/soul-fitness\/wp-json\/wp\/v2\/types\/page"}],"author":[{"embeddable":true,"href":"https:\/\/lanzaworx.com\/soul-fitness\/wp-json\/wp\/v2\/users\/1"}],"replies":[{"embeddable":true,"href":"https:\/\/lanzaworx.com\/soul-fitness\/wp-json\/wp\/v2\/comments?post=431"}],"version-history":[{"count":10,"href":"https:\/\/lanzaworx.com\/soul-fitness\/wp-json\/wp\/v2\/pages\/431\/revisions"}],"predecessor-version":[{"id":1392,"href":"https:\/\/lanzaworx.com\/soul-fitness\/wp-json\/wp\/v2\/pages\/431\/revisions\/1392"}],"up":[{"embeddable":true,"href":"https:\/\/lanzaworx.com\/soul-fitness\/wp-json\/wp\/v2\/pages\/12"}],"wp:featuredmedia":[{"embeddable":true,"href":"https:\/\/lanzaworx.com\/soul-fitness\/wp-json\/wp\/v2\/media\/156"}],"wp:attachment":[{"href":"https:\/\/lanzaworx.com\/soul-fitness\/wp-json\/wp\/v2\/media?parent=431"}],"curies":[{"name":"wp","href":"https:\/\/api.w.org\/{rel}","templated":true}]}}