{"id":919,"date":"2025-01-04T13:33:01","date_gmt":"2025-01-04T13:33:01","guid":{"rendered":"https:\/\/lanzaworx.com\/dele\/?page_id=919"},"modified":"2025-01-07T12:50:08","modified_gmt":"2025-01-07T12:50:08","slug":"examen-2-prueba-1-tarea-3","status":"publish","type":"page","link":"https:\/\/lanzaworx.com\/dele\/examen-2\/examen-2-prueba-1\/examen-2-prueba-1-tarea-3\/","title":{"rendered":"Examen 2 Prueba 1 Tarea 3"},"content":{"rendered":"\n<p>A continuaci\u00f3n va a leer tres textos en los que tres personas hablan sobre sus casaa. Despu\u00e9s, relacione las preguntas, 13-18, con los textos a), b) o c).<\/p>\n\n\n\n<h2 class=\"wp-block-heading\">Preguntas <\/h2>\n\n\n\n<figure class=\"wp-block-table\"><table class=\"has-fixed-layout\"><thead><tr><th><\/th><th>a) Alfonso<\/th><th>b) Ver\u00f3nica<\/th><th>c) Roberto<\/th><\/tr><\/thead><tbody><tr><td>13. \u00bfQu\u00e9 persona tuvo que pedir dinero para comprarla?<\/td><td><\/td><td><\/td><td><\/td><\/tr><tr><td>14. \u00bfQu\u00e9 persona ha sido propietaria de m\u00e1s de una casa?<\/td><td><\/td><td><\/td><td><\/td><\/tr><tr><td>15. \u00bfQui\u00e9n piensa hacer reformas en el futuro?<\/td><td><\/td><td><\/td><td><\/td><\/tr><tr><td>16. \u00bfQu\u00e9 persona dice que su casa est\u00e1 en la zona antigua?<\/td><td><\/td><td><\/td><td><\/td><\/tr><tr><td>17. \u00bfQui\u00e9n tiene problemas de aparcamiento?<\/td><td><\/td><td><\/td><td><\/td><\/tr><tr><td>18. \u00bfQu\u00e9 persona ha cambiado de opini\u00f3n repecto a su casa ideal?<\/td><td><\/td><td><\/td><td><\/td><\/tr><\/tbody><\/table><\/figure>\n\n\n\n<div class=\"wp-block-buttons is-layout-flex wp-block-buttons-is-layout-flex\">\n<div class=\"wp-block-button\"><a class=\"wp-block-button__link wp-element-button\" href=\"https:\/\/lanzaworx.com\/dele\/examen-2-prueba-1-tarea-3-transcipciones\/\">Transcripcions<\/a><\/div>\n<\/div>\n\n\n\n<h2 class=\"wp-block-heading\">Roberto<\/h2>\n\n\n\n<p>Pues la casa donde vivo ha sido de mi familia por generaciones. Cuando se cas\u00f3 mi abuela, su padre la construy\u00f3 para ella. Est\u00e1 en el centro hist\u00f3rico de Sevilla. All\u00ed nacieron mi padre y mi t\u00eda y vivieron mis abuelos hasta su muerte. Luego se la qued\u00f3 mi t\u00eda, porque mis padres se fueron a Madrid. Pero muchas veces yo iba all\u00ed a pasar las vacaciones. En un momento, mi t\u00eda quer\u00eda irse a un chal\u00e9 en las afueras y la casa estaba muy vieja y daba problemas. Yo acababa de conseguir un trabajo en Sevilla. Habl\u00e9 con mi padre y me dej\u00f3 el dinero. Luego la fui arreqlando poco a poco. Ahora soy la envidia de toda mi familia.<\/p>\n\n\n\n<h2 class=\"wp-block-heading\">Ver\u00f3nica<\/h2>\n\n\n\n<p>Yo, de pequefia, Vivia en las afueras y siempre tenia problemas de transporte: para el colegio, Iuego para la universidad, para volver por las noches\u2026 Nadie quer\u00eda venir a mi casa\u2026 Siempre pensaba: \u00abCuando sea mayor, vivir\u00e9 en el mismo centro de Barcelona\u00bb. Asi que cuando me cas\u00e9, compramos una casa en el centro. Era peque\u00f1isima, estaba en una calle oscura y hab\u00eda problemas de aparcamiento\u2026 Luego tuvimos otro piso m\u00e1s grande y luminoso, pero el ruido era insoportable. Un dia fuimos a visitar a unos amigos en el pueblo de Sant Cugat del Vall\u00e9s. Al lado de su chal\u00e9 hab\u00eda otro en venta y a Ios dos nos encant\u00f3. Preguntamos el precio\u2026 y aqui vivimos felices desde hace diez a\u00f1os.<\/p>\n\n\n\n<h2 class=\"wp-block-heading\">Roberto<\/h2>\n\n\n\n<p>A mi me encanta mi casa. Es peque\u00f1ita, pero est\u00e1 muy bien situada. Tiene dos dormitorios, uno para nosotros, con un cuarto de ba\u00f1o incorporado, y otro para los ni\u00f1os, otro cuarto de ba\u00f1o, un sal\u00f3n bastante grande y una sala que es donde solemos estar normalmente. Nuestro plan es, cuando los ni\u00f1os crezcan, convertir esta sala en otro dormitorio, para que puedan tener un poco de independencia. Pero por ahora pueden perfectamente compartir una habitaci\u00f6n. Una de las cosas mejores que tiene es que, aunque est\u00e1 muy c\u00e9ntrica, la calle es muy tranquila y por la noche no se oye ni un ruido. Pero a veces resulta dificil encontrar d\u00f3nde dejar el coche, sobre todo, si volvemos tarde.<\/p>\n\n\n\n<div class=\"wp-block-buttons is-layout-flex wp-block-buttons-is-layout-flex\">\n<div class=\"wp-block-button\"><a class=\"wp-block-button__link wp-element-button\" href=\"https:\/\/lanzaworx.com\/dele\/examen-2-prueba-1-tarea-3-transcipciones\/\">Transcripcions<\/a><\/div>\n<\/div>\n\n\n\n<div style=\"height:100px\" aria-hidden=\"true\" class=\"wp-block-spacer\"><\/div>\n\n\n\n<div class=\"wpcf7 no-js\" id=\"wpcf7-f945-o1\" lang=\"en-US\" dir=\"ltr\" data-wpcf7-id=\"945\">\n<div class=\"screen-reader-response\"><p role=\"status\" aria-live=\"polite\" aria-atomic=\"true\"><\/p> <ul><\/ul><\/div>\n<form action=\"\/dele\/wp-json\/wp\/v2\/pages\/919#wpcf7-f945-o1\" method=\"post\" class=\"wpcf7-form init\" aria-label=\"Contact form\" novalidate=\"novalidate\" data-status=\"init\">\n<fieldset class=\"hidden-fields-container\"><input type=\"hidden\" name=\"_wpcf7\" value=\"945\" \/><input type=\"hidden\" name=\"_wpcf7_version\" value=\"6.1.5\" \/><input type=\"hidden\" name=\"_wpcf7_locale\" value=\"en_US\" \/><input type=\"hidden\" name=\"_wpcf7_unit_tag\" value=\"wpcf7-f945-o1\" \/><input type=\"hidden\" name=\"_wpcf7_container_post\" value=\"0\" \/><input type=\"hidden\" name=\"_wpcf7_posted_data_hash\" value=\"\" \/>\n<\/fieldset>\n<p><label> Your name<br \/>\n<span class=\"wpcf7-form-control-wrap\" data-name=\"your-name\"><input size=\"40\" maxlength=\"400\" class=\"wpcf7-form-control wpcf7-text wpcf7-validates-as-required\" autocomplete=\"name\" aria-required=\"true\" aria-invalid=\"false\" value=\"\" type=\"text\" name=\"your-name\" \/><\/span> <\/label>\n<\/p>\n<p><label> Your email<br \/>\n<span class=\"wpcf7-form-control-wrap\" data-name=\"your-email\"><input size=\"40\" maxlength=\"400\" class=\"wpcf7-form-control wpcf7-email wpcf7-validates-as-required wpcf7-text wpcf7-validates-as-email\" autocomplete=\"email\" aria-required=\"true\" aria-invalid=\"false\" value=\"\" type=\"email\" name=\"your-email\" \/><\/span> <\/label>\n<\/p>\n<p><label> Your comment Tarea 3<br \/>\n<span class=\"wpcf7-form-control-wrap\" data-name=\"tarea_3_answers\"><input size=\"40\" maxlength=\"400\" class=\"wpcf7-form-control wpcf7-text wpcf7-validates-as-required\" aria-required=\"true\" aria-invalid=\"false\" value=\"Examen 2 Prueba 1 Tarea 3 answers\" type=\"text\" name=\"tarea_3_answers\" \/><\/span> <\/label>\n<\/p>\n<p><label> 13. \u00bfQu\u00e9 persona tuvo que pedir dinero para comprarla?<br \/>\n<span class=\"wpcf7-form-control-wrap\" data-name=\"Thirteen\"><select class=\"wpcf7-form-control wpcf7-select wpcf7-validates-as-required\" aria-required=\"true\" aria-invalid=\"false\" name=\"Thirteen\"><option value=\"\">&#8212;Please choose an option&#8212;<\/option><option value=\"a) Alfonso.\">a) Alfonso.<\/option><option value=\"b) Ver\u00f3nia.\">b) Ver\u00f3nia.<\/option><option value=\"c) Roberto\">c) Roberto<\/option><\/select><\/span> <\/label>\n<\/p>\n<p><label> 14. \u00bfQu\u00e9 persona ha sido propietaria de m\u00e1s de una casa?<br \/>\n<span class=\"wpcf7-form-control-wrap\" data-name=\"Fourteen\"><select class=\"wpcf7-form-control wpcf7-select wpcf7-validates-as-required\" aria-required=\"true\" aria-invalid=\"false\" name=\"Fourteen\"><option value=\"\">&#8212;Please choose an option&#8212;<\/option><option value=\"a) Alfonso.\">a) Alfonso.<\/option><option value=\"b) Ver\u00f3nia.\">b) Ver\u00f3nia.<\/option><option value=\"c) Roberto\">c) Roberto<\/option><\/select><\/span> <\/label>\n<\/p>\n<p><label> 15. \u00bfQui\u00e9n piensa hacer reformas en el futuro?<br \/>\n<span class=\"wpcf7-form-control-wrap\" data-name=\"Fifteen\"><select class=\"wpcf7-form-control wpcf7-select wpcf7-validates-as-required\" aria-required=\"true\" aria-invalid=\"false\" name=\"Fifteen\"><option value=\"\">&#8212;Please choose an option&#8212;<\/option><option value=\"a) Alfonso.\">a) Alfonso.<\/option><option value=\"b) Ver\u00f3nia.\">b) Ver\u00f3nia.<\/option><option value=\"c) Roberto\">c) Roberto<\/option><\/select><\/span> <\/label>\n<\/p>\n<p><label> 16. \u00bfQu\u00e9 persona dice que su casa est\u00e1 en la zona antigua?<br \/>\n<span class=\"wpcf7-form-control-wrap\" data-name=\"Sixteen\"><select class=\"wpcf7-form-control wpcf7-select wpcf7-validates-as-required\" aria-required=\"true\" aria-invalid=\"false\" name=\"Sixteen\"><option value=\"\">&#8212;Please choose an option&#8212;<\/option><option value=\"a) Alfonso.\">a) Alfonso.<\/option><option value=\"b) Ver\u00f3nia.\">b) Ver\u00f3nia.<\/option><option value=\"c) Roberto\">c) Roberto<\/option><\/select><\/span> <\/label>\n<\/p>\n<p><label> 17. \u00bfQui\u00e9n tiene problemas de aparcamiento?<br \/>\n<span class=\"wpcf7-form-control-wrap\" data-name=\"Seventeen\"><select class=\"wpcf7-form-control wpcf7-select wpcf7-validates-as-required\" aria-required=\"true\" aria-invalid=\"false\" name=\"Seventeen\"><option value=\"\">&#8212;Please choose an option&#8212;<\/option><option value=\"a) Alfonso.\">a) Alfonso.<\/option><option value=\"b) Ver\u00f3nia.\">b) Ver\u00f3nia.<\/option><option value=\"c) Roberto\">c) Roberto<\/option><\/select><\/span> <\/label>\n<\/p>\n<p><label> 18. \u00bfQu\u00e9 persona ha cambiado de opini\u00f3n repecto a su casa ideal?<br \/>\n<span class=\"wpcf7-form-control-wrap\" data-name=\"Eighteen\"><select class=\"wpcf7-form-control wpcf7-select wpcf7-validates-as-required\" aria-required=\"true\" aria-invalid=\"false\" name=\"Eighteen\"><option value=\"\">&#8212;Please choose an option&#8212;<\/option><option value=\"a) Alfonso.\">a) Alfonso.<\/option><option value=\"b) Ver\u00f3nia.\">b) Ver\u00f3nia.<\/option><option value=\"c) Roberto\">c) Roberto<\/option><\/select><\/span> <\/label><br \/>\n<label> Your message (optional)<br \/>\n<span class=\"wpcf7-form-control-wrap\" data-name=\"your-message\"><textarea cols=\"40\" rows=\"10\" maxlength=\"2000\" class=\"wpcf7-form-control wpcf7-textarea\" aria-invalid=\"false\" name=\"your-message\"><\/textarea><\/span> <\/label>\n<\/p>\n<p><input class=\"wpcf7-form-control wpcf7-submit has-spinner\" type=\"submit\" value=\"Submit\" \/>\n<\/p><div class=\"wpcf7-response-output\" aria-hidden=\"true\"><\/div>\n<\/form>\n<\/div>\n\n\n\n\n<div class=\"wp-block-buttons is-layout-flex wp-block-buttons-is-layout-flex\">\n<div class=\"wp-block-button\"><a class=\"wp-block-button__link wp-element-button\" href=\"https:\/\/lanzaworx.com\/dele\">DELE<\/a><\/div>\n<\/div>\n\n\n\n<p><\/p>\n","protected":false},"excerpt":{"rendered":"<p>A continuaci\u00f3n va a leer tres textos en los que tres personas hablan sobre sus casaa. Despu\u00e9s, relacione las preguntas, 13-18, con los textos a), b) o c). Preguntas a) Alfonso b) Ver\u00f3nica c) Roberto 13. \u00bfQu\u00e9 persona tuvo que pedir dinero para comprarla? 14. \u00bfQu\u00e9 persona ha sido propietaria de m\u00e1s de una casa? &hellip; <\/p>\n<p class=\"link-more\"><a href=\"https:\/\/lanzaworx.com\/dele\/examen-2\/examen-2-prueba-1\/examen-2-prueba-1-tarea-3\/\" class=\"more-link\">Continue reading<span class=\"screen-reader-text\"> &#8220;Examen 2 Prueba 1 Tarea 3&#8221;<\/span><\/a><\/p>\n","protected":false},"author":1,"featured_media":0,"parent":780,"menu_order":0,"comment_status":"closed","ping_status":"closed","template":"","meta":{"advanced_seo_description":"","jetpack_seo_html_title":"","jetpack_seo_noindex":false,"footnotes":""},"class_list":["post-919","page","type-page","status-publish","hentry"],"jetpack_sharing_enabled":true,"_links":{"self":[{"href":"https:\/\/lanzaworx.com\/dele\/wp-json\/wp\/v2\/pages\/919","targetHints":{"allow":["GET"]}}],"collection":[{"href":"https:\/\/lanzaworx.com\/dele\/wp-json\/wp\/v2\/pages"}],"about":[{"href":"https:\/\/lanzaworx.com\/dele\/wp-json\/wp\/v2\/types\/page"}],"author":[{"embeddable":true,"href":"https:\/\/lanzaworx.com\/dele\/wp-json\/wp\/v2\/users\/1"}],"replies":[{"embeddable":true,"href":"https:\/\/lanzaworx.com\/dele\/wp-json\/wp\/v2\/comments?post=919"}],"version-history":[{"count":26,"href":"https:\/\/lanzaworx.com\/dele\/wp-json\/wp\/v2\/pages\/919\/revisions"}],"predecessor-version":[{"id":964,"href":"https:\/\/lanzaworx.com\/dele\/wp-json\/wp\/v2\/pages\/919\/revisions\/964"}],"up":[{"embeddable":true,"href":"https:\/\/lanzaworx.com\/dele\/wp-json\/wp\/v2\/pages\/780"}],"wp:attachment":[{"href":"https:\/\/lanzaworx.com\/dele\/wp-json\/wp\/v2\/media?parent=919"}],"curies":[{"name":"wp","href":"https:\/\/api.w.org\/{rel}","templated":true}]}}