{"id":108,"date":"2023-06-15T15:57:53","date_gmt":"2023-06-15T15:57:53","guid":{"rendered":"https:\/\/lanzaworx.com\/dele\/?page_id=108"},"modified":"2024-02-10T18:25:01","modified_gmt":"2024-02-10T18:25:01","slug":"spanish-grammar","status":"publish","type":"page","link":"https:\/\/lanzaworx.com\/dele\/spanish-grammar\/","title":{"rendered":"Spanish Grammar"},"content":{"rendered":"\n<p>When learning a language, there are always more than a few aggravating issues that can cause speedbumps in the learning process. Don&#8217;t feel like you&#8217;re all alone in your frustration, however, as many of these issues tend to be the same for everybody!<\/p>\n\n\n\n<ul class=\"wp-block-list\">\n<li><a href=\"https:\/\/lanzaworx.com\/dele\/spanish-false-friends\/\" data-type=\"page\" data-id=\"104\"><mark style=\"background-color:rgba(0, 0, 0, 0)\" class=\"has-inline-color has-vivid-green-cyan-color\">Spanish False Friends<\/mark><\/a>&nbsp;(frequent mistranslations)<\/li>\n\n\n\n<li><a href=\"https:\/\/lanzaworx.com\/dele\/por-vs-para\/\" data-type=\"page\" data-id=\"71\"><mark style=\"background-color:rgba(0, 0, 0, 0)\" class=\"has-inline-color has-vivid-green-cyan-color\">Por vs Para<\/mark><\/a><\/li>\n\n\n\n<li><a href=\"https:\/\/lanzaworx.com\/dele\/ser-vs-estar\/\" data-type=\"page\" data-id=\"83\"><mark style=\"background-color:rgba(0, 0, 0, 0)\" class=\"has-inline-color has-vivid-green-cyan-color\">Ser vs Estar<\/mark><\/a><\/li>\n\n\n\n<li><a href=\"https:\/\/lanzaworx.com\/dele\/saber-vs-conocer\/\" data-type=\"page\" data-id=\"85\"><mark style=\"background-color:rgba(0, 0, 0, 0)\" class=\"has-inline-color has-vivid-green-cyan-color\">Saber vs Conocer<\/mark><\/a><\/li>\n\n\n\n<li><a href=\"https:\/\/lanzaworx.com\/dele\/preguntar-vs-pedir\/\" data-type=\"page\" data-id=\"73\"><mark style=\"background-color:rgba(0, 0, 0, 0)\" class=\"has-inline-color has-vivid-green-cyan-color\">Preguntar vs Pedir<\/mark><\/a><\/li>\n\n\n\n<li><a href=\"https:\/\/lanzaworx.com\/dele\/entender-vs-comprender\/\" data-type=\"page\" data-id=\"75\"><mark style=\"background-color:rgba(0, 0, 0, 0)\" class=\"has-inline-color has-vivid-green-cyan-color\">Entender vs Comprender<\/mark><\/a><\/li>\n\n\n\n<li><a href=\"https:\/\/lanzaworx.com\/dele\/oir-vs-escuchar\/\" data-type=\"page\" data-id=\"77\"><mark style=\"background-color:rgba(0, 0, 0, 0)\" class=\"has-inline-color has-vivid-green-cyan-color\">O\u00edr vs Escuchar<\/mark><\/a><\/li>\n\n\n\n<li><a href=\"https:\/\/lanzaworx.com\/dele\/llevar-vs-traer\/\" data-type=\"page\" data-id=\"79\"><mark style=\"background-color:rgba(0, 0, 0, 0)\" class=\"has-inline-color has-vivid-green-cyan-color\">Llevar vs Traer<\/mark><\/a><\/li>\n\n\n\n<li><a href=\"https:\/\/lanzaworx.com\/dele\/spanish-grammar\/de-vs-desde\/\" data-type=\"page\" data-id=\"81\"><mark style=\"background-color:rgba(0, 0, 0, 0)\" class=\"has-inline-color has-vivid-green-cyan-color\">De vs Desde, d\u00e8<\/mark><\/a><\/li>\n\n\n\n<li><a href=\"https:\/\/lanzaworx.com\/dele\/sino-vs-pero\/\" data-type=\"page\" data-id=\"68\"><mark style=\"background-color:rgba(0, 0, 0, 0)\" class=\"has-inline-color has-vivid-green-cyan-color\">Pero vs Sino<\/mark><\/a><\/li>\n\n\n\n<li><a href=\"https:\/\/lanzaworx.com\/dele\/spanish-grammar\/vaya-valla-baya\/\" data-type=\"page\" data-id=\"245\"><mark style=\"background-color:rgba(0, 0, 0, 0)\" class=\"has-inline-color has-vivid-green-cyan-color\">Vaya, Valla &amp; Baya<\/mark><\/a><\/li>\n\n\n\n<li><a href=\"https:\/\/lanzaworx.com\/dele\/spanish-grammar\/the-importance-of-an-accent\/\" data-type=\"page\" data-id=\"276\"><mark style=\"background-color:rgba(0, 0, 0, 0)\" class=\"has-inline-color has-vivid-green-cyan-color\">The Importance of an Accent `<\/mark><\/a><\/li>\n\n\n\n<li><a href=\"https:\/\/lanzaworx.com\/dele\/spanish-grammar\/hacia-vs-hacia\/\" data-type=\"page\" data-id=\"490\"><mark style=\"background-color:rgba(0, 0, 0, 0)\" class=\"has-inline-color has-vivid-green-cyan-color\">Hacia vs Hac\u00eca<\/mark><\/a><\/li>\n<\/ul>\n\n\n\n<div style=\"height:100px\" aria-hidden=\"true\" class=\"wp-block-spacer\"><\/div>\n\n\n\n<h2 class=\"wp-block-heading\">Verbs<\/h2>\n\n\n\n<p>They are the backbone of a language, understand how they are used and the battle is half won. There are grammatical terms associated with verb conjugation which may be confusing.<\/p>\n\n\n\n<p>At the top of the tree are the Moods which allow us to convey facts, uncertainty and commands. Under each of these moods come the tenses which allow us to distinguish, past, present or future events for example.<\/p>\n\n\n\n<h2 class=\"wp-block-heading\">Subjunctive, Indicative  &amp; Imperative moods in Spanish<\/h2>\n\n\n\n<p class=\"has-text-align-justify\">The subjunctive&nbsp;<em>(el subjunctivo)<\/em>&nbsp;is one of the three moods in Spanish. The other two moods are the indicative and imperative.<\/p>\n\n\n\n<ul class=\"wp-block-list\">\n<li>We use the&nbsp;<strong>indicative<\/strong>&nbsp;to talk about facts \u2013 about something that has happened in the past, is happening in the present, or we know will certainly happen in the future.<\/li>\n\n\n\n<li>We use the<strong>&nbsp;subjunctive&nbsp;<\/strong>to describe \u201cvirtual information\u201d \u2013 in other words, our perception or attitude towards something, rather than the expression of a fact.<\/li>\n\n\n\n<li>We use the<strong>&nbsp;imperative<\/strong>&nbsp;to give orders or commands.<\/li>\n<\/ul>\n\n\n\n<p class=\"has-text-align-center\">Click <a href=\"https:\/\/lanzaworx.com\/dele\/spanish-grammar\/indicative-vs-subjunctive\/\" data-type=\"page\" data-id=\"600\"><mark style=\"background-color:rgba(0, 0, 0, 0)\" class=\"has-inline-color has-vivid-green-cyan-color\">here<\/mark><\/a> to read more about&nbsp;<strong>indicative<\/strong>&nbsp;and <strong>subjunctive&nbsp;<\/strong><\/p>\n\n\n\n<h2 class=\"wp-block-heading\">The Tenses<\/h2>\n\n\n\n<p>Spanish tenses refer to the time when the performance of an action happens, and they\u00b4re an integral part of speaking Spanish.<\/p>\n\n\n\n<p>When we talk about verb tenses, it\u2019s important to consider the following:<\/p>\n\n\n\n<ul class=\"wp-block-list\">\n<li><strong><a href=\"https:\/\/www.busuu.com\/en\/spanish\/time\">Time<\/a><\/strong>: Situates the facts in relation to the moment in which it\u2019s spoken (now)<\/li>\n\n\n\n<li><strong>Mode<\/strong>: Indicates the attitude of the speaker (indicative, subjunctive&nbsp;and imperative)<\/li>\n\n\n\n<li><strong><a href=\"https:\/\/www.busuu.com\/en\/languages\/spanish-numbers\">Number<\/a><\/strong>: Refers to the special forms that the verb has (changes in the ending of the verb) for the third person singular and third person plural<\/li>\n\n\n\n<li><strong>Person<\/strong>: Indicates the connection between the individuals that make up the speech act<\/li>\n\n\n\n<li><strong>Aspect<\/strong>: Describes the scope of progress or completion of the action (indefinite, progressive, and perfect)<\/li>\n<\/ul>\n\n\n\n<p>Verb tenses can be simple or compound.<\/p>\n\n\n\n<p>Simple verb tenses are when the action is expressed with a single word. They\u2019re compound when the action is expressed with more than one word such as an auxiliary verb [<em>ser<\/em>&nbsp;and&nbsp;<em>haber<\/em>&nbsp;(to be and to have)], and a participle non-personal form of the verb that has the ending -do in the regular form of Spanish and can form compound tenses.<\/p>\n\n\n\n<p>For instance:\u00a0<\/p>\n\n\n\n<pre class=\"wp-block-verse\"><em>ser amado<\/em>- to be loved\nhe hablado - I have spoken\nhemos comido - we have eaten\nha comido - he\/she\/it has eaten <\/pre>\n\n\n\n<p>The Spanish language has many tenses, but the three main tenses are the past, the present and the future.<\/p>\n\n\n\n<h3 class=\"wp-block-heading\">Present tense<\/h3>\n\n\n\n<p>The present tense is used to show what a subject usually does or is doing.<\/p>\n\n\n\n<p><em>Siempre me levanto temprano<\/em>. (I always get up early).<\/p>\n\n\n\n<h3 class=\"wp-block-heading\">Past tense<\/h3>\n\n\n\n<p>The past tense or <strong>preterit<\/strong> is used to express actions or events that happened at a certain time in the past. So, it&#8217;s common to use it\u00a0with expressions\u00a0that state a certain time period such as\u00a0<em>ayer<\/em>\u00a0(yesterday),\u00a0<em>la semana pasada<\/em>\u00a0(last week) and\u00a0<em>el a\u00f1o pasado<\/em>\u00a0(last year) among others.<\/p>\n\n\n\n<p><em>Fui al cine la semana pasada<\/em>. (I went to the movies last week).<\/p>\n\n\n\n<pre class=\"wp-block-verse\"><em>Fui al cine la semana pasada<\/em>. (I went to the movies last week). <mark style=\"background-color:rgba(0, 0, 0, 0)\" class=\"has-inline-color has-vivid-red-color\">note:<\/mark> <mark style=\"background-color:rgba(0, 0, 0, 0)\" class=\"has-inline-color has-vivid-green-cyan-color\">the conjugation Ir - to go is extremely irregular.<\/mark>\nme lo habl\u00f3 ayer - He told me about it yesterday<\/pre>\n\n\n\n<p>We can think of this as the simple or dot past, it happened once and was done.  For a majority of verbs we can think of a little cha cha like the dance.<\/p>\n\n\n\n<pre class=\"wp-block-verse\">~ar verbs\n\u00e8 and \u00f2\n\n\n\n~er and ~ir verbs\n<\/pre>\n\n\n\n<h3 class=\"wp-block-heading\">Future tense<\/h3>\n\n\n\n<p>The future is used to express actions that have not been performed yet. These actions are independent of any other action. It&#8217;s common to use future tense with expressions like&nbsp;<em>ma\u00f1ana<\/em>&nbsp;(tomorrow),&nbsp;<em>la pr\u00f3xima semana<\/em>&nbsp;(next week),&nbsp;<em>en dos d\u00edas<\/em>&nbsp;(in a couple of days) and others.<\/p>\n\n\n\n<p><em>Comprar\u00e9 una nueva computadora el pr\u00f3ximo fin de semana<\/em>. (I will buy a new computer next weekend).<\/p>\n\n\n\n<h2 class=\"wp-block-heading\">Example Verb conjugations <\/h2>\n\n\n\n<p>The verb <strong><em><a href=\"https:\/\/www.verbix.com\/webverbix\/spanish\/caer\" target=\"_blank\" rel=\"noreferrer noopener\"><mark style=\"background-color:rgba(0, 0, 0, 0)\" class=\"has-inline-color has-vivid-cyan-blue-color\">caer<\/mark><\/a> <\/em><\/strong>&#8211; to fall<\/p>\n\n\n\n<div class=\"wp-block-columns is-layout-flex wp-container-core-columns-is-layout-9d6595d7 wp-block-columns-is-layout-flex\">\n<div class=\"wp-block-column is-layout-flow wp-block-column-is-layout-flow\">\n<p>the apple falls from the tree<br>the apple is going to fall from the tree<br>the apple will fall from the tree<br>the apple fell from the tree<br>the apple has fallen from the tree<br>the apple is falling from the tree<br>the apple was falling every day<br>those apples fell from the tree<br>I fall from the tree<br>\u00a1fall off now sir!<br>\u00a1fall off now Pedro!<br>\u00a1don&#8217;t fall off now sir!<br>\u00a1don&#8217;t fall off now Pedro!<\/p>\n<\/div>\n\n\n\n<div class=\"wp-block-column is-layout-flow wp-block-column-is-layout-flow\">\n<p>la manzana cae del arbol<br>la manzana va a caer del arbol<br>la manzana caer\u00e1 del \u00e1rbol<br>la manzana cay\u00f3 del \u00e1rbol<br>la manzana se ha ca\u00eddo del \u00e1rbol<br>la manzana esta cayendo del arbol<br>la manzana ca\u00eda todo lo dias<br>esas manzanas cayeron del arbol<br>me caigo del arbol<br>\u00a1Caiga ahora se\u00f1or!<br>\u00a1cae ya Pedro!<br>\u00a1No se caiga ahora se\u00f1or!<br>\u00a1No te caigas ahora Pedro!<\/p>\n<\/div>\n<\/div>\n\n\n\n<button class=\"myBackButton\" onclick=\"history.go(-1)\">Back<\/button>\n","protected":false},"excerpt":{"rendered":"<p>When learning a language, there are always more than a few aggravating issues that can cause speedbumps in the learning process. Don&#8217;t feel like you&#8217;re all alone in your frustration, however, as many of these issues tend to be the same for everybody! Verbs They are the backbone of a language, understand how they are &hellip; <\/p>\n<p class=\"link-more\"><a href=\"https:\/\/lanzaworx.com\/dele\/spanish-grammar\/\" class=\"more-link\">Continue reading<span class=\"screen-reader-text\"> &#8220;Spanish Grammar&#8221;<\/span><\/a><\/p>\n","protected":false},"author":1,"featured_media":0,"parent":0,"menu_order":0,"comment_status":"closed","ping_status":"closed","template":"","meta":{"advanced_seo_description":"","jetpack_seo_html_title":"","jetpack_seo_noindex":false,"footnotes":""},"class_list":["post-108","page","type-page","status-publish","hentry"],"jetpack_sharing_enabled":true,"_links":{"self":[{"href":"https:\/\/lanzaworx.com\/dele\/wp-json\/wp\/v2\/pages\/108","targetHints":{"allow":["GET"]}}],"collection":[{"href":"https:\/\/lanzaworx.com\/dele\/wp-json\/wp\/v2\/pages"}],"about":[{"href":"https:\/\/lanzaworx.com\/dele\/wp-json\/wp\/v2\/types\/page"}],"author":[{"embeddable":true,"href":"https:\/\/lanzaworx.com\/dele\/wp-json\/wp\/v2\/users\/1"}],"replies":[{"embeddable":true,"href":"https:\/\/lanzaworx.com\/dele\/wp-json\/wp\/v2\/comments?post=108"}],"version-history":[{"count":14,"href":"https:\/\/lanzaworx.com\/dele\/wp-json\/wp\/v2\/pages\/108\/revisions"}],"predecessor-version":[{"id":609,"href":"https:\/\/lanzaworx.com\/dele\/wp-json\/wp\/v2\/pages\/108\/revisions\/609"}],"wp:attachment":[{"href":"https:\/\/lanzaworx.com\/dele\/wp-json\/wp\/v2\/media?parent=108"}],"curies":[{"name":"wp","href":"https:\/\/api.w.org\/{rel}","templated":true}]}}