{"id":1058,"date":"2025-01-11T10:02:09","date_gmt":"2025-01-11T10:02:09","guid":{"rendered":"https:\/\/lanzaworx.com\/dele\/?page_id=1058"},"modified":"2025-01-11T17:53:06","modified_gmt":"2025-01-11T17:53:06","slug":"examen2-prueba-2-tarea-2-transcripciones","status":"publish","type":"page","link":"https:\/\/lanzaworx.com\/dele\/examen-2\/examen-2-prueba-2\/examen2-prueba-2-tarea-2\/examen2-prueba-2-tarea-2-transcripciones\/","title":{"rendered":"Examen2 Prueba 2 Tarea 2 Transcripciones"},"content":{"rendered":"\n<p id=\"Trans\">Next you will hear a fragment of the program Tell us your experience in which Lucas recounts how he bought his first house. You will hear it twice. Then select the correct option, a), b)or c), for each question, 7-12.<\/p>\n\n\n\n<figure class=\"wp-block-audio\"><audio controls src=\"https:\/\/lanzaworx.com\/dele\/wp-content\/uploads\/2025\/01\/cd1-pista7.mp3\"><\/audio><\/figure>\n\n\n\n<h2 class=\"wp-block-heading\">Cu\u00e9ntanos tu experiencia<\/h2>\n\n\n\n<p>Hola, soy Lucas y vengo de Argentina. Yo Ilevaba dos a\u00f1ios de novio con mi actual mujer y decidimos mudarnos juntos. Ten\u00edamos en claro que no quer\u00edamos alquilar. S\u00e9 que tuvimos suerte porque en total demoramos cinco meses, cuando hay conocidos y amigos a los que les Ilev\u00f3 bastante m\u00e1s. De todas maneras, no file sencillo. El af\u00e1n de las inmobiliarias por vender nos ocasion\u00f3 m\u00e1s de una visita in\u00fatil. Los avisos, en muchos casos, eran un fiasco. Te quieren vender sea lo que sea. Por m\u00e1s que por tel\u00e9fono pregunt\u00e1ramos todo lo imaginable, nos llev\u00e1bamos grandes sorpresas por no decir decepciones. Por ejemplo, ped\u00edamos dos dormitorios, y nos encontr\u00e1bamos con que ese segundo dormitorio era\u2026 \u00a1un patio techado o una cocina comedor! Al comenzar la b\u00fasqueda, acordamos que nos mudar\u00edamos a un barrio en el que los dos nos sinti\u00e9ramos c\u00f3modos. Ella ven\u00eda la de zona norte y yo de Villa Urquiza y decidimos circunscribirnos a N\u00fa\u00f1ez, Saavedra y Vicente L\u00f3pez. Como pens\u00e1bamos, no fue f\u00e1cil. La verdad es que mucho de lo que aparec\u00eda en oferta era simplemente un desastre. Los nucvos parec\u00edan hechos de cart\u00f3n. O, si no, estaban esos departamentos viejos que se publican con la advertencia reciclar. Lo que en otras palabras quer\u00eda decir para hacer de uevo, porque estaban en un estado deplorable.<\/p>\n\n\n\n<p>Hasta que un dia encontramos un departamento que nos encant\u00f3: primer piso por escalera, supertranquilo, con un balc\u00f3n que da hacia unos \u00e1rboles. La obtenci\u00f3n del cr\u00e9dito fue un cap\u00edtulo aparte. Hab\u00edamos convenido que lo sacar\u00edamos con el plazo m\u00e1s largo posible y a tasa fija. Toda la tramitaci\u00f3n nos llev\u00f3 cuatro meses, un tiempo razonable, aunque para m\u00ed esos cuatro meses equivalieron a cuatro af\u00f1os. Terminamos tomando el cr\u00e9dito del Banco Naci\u00f3n, donde las condiciones eran buenas y, adem\u00e1s, encontramos a una chica encargada de la operaci\u00f6n que fue un gran apoyo. Ella fue muy organizada y nos ayud\u00f3 much\u00edsimo en todo el proceso. Llev\u00e9 puntualmcnte cada uno de los mil papelitos que el banco nos fue exigiendo. No era nada simple. Hab\u00eda que ir de un lado al otro y siempre con incertidumbre. \u00bfAparecer\u00e1 el certificado que piden? \u00bfEstar\u00e1 el papelito? \u00bfLo aprobar\u00e1n? Y mientras tanto, la presi\u00f3n del propietario: hab\u00eda que tranquilizarlo, convencerlo de que la cosa marchaba y de que ten\u00eda que ser un poco paciente. La historia tiene final feliz porque finalmente lleg\u00f3 el dia de la escritura. Hoy, cuando me acuerdo de esos meses, me pregunto c\u00f3mo hicimos para soportar tanta tensi\u00f3n. Pero tambi\u00e9n me acuerdo del momento en que firmamos los papeles. \u00bfQu\u00e9 emoci\u00f3n! La chica del banco me dijo que nunca hab\u00eda visto a alguien tan contento. Y bueno, hoy estamos ac\u00e1, en nuestra casa, cada d\u00eda m\u00e1s linda.<\/p>\n\n\n\n<div class=\"wp-block-buttons is-layout-flex wp-block-buttons-is-layout-flex\">\n<div class=\"wp-block-button\"><a class=\"wp-block-button__link wp-element-button\" href=\"https:\/\/lanzaworx.com\/dele\/examen-2\/examen-2-prueba-2\/examen2-prueba-2-tarea-2\/\">Back<\/a><\/div>\n<\/div>\n\n\n\n<h2 class=\"wp-block-heading\">Tell us your experience<\/h2>\n\n\n\n<p>Hello, I&#8217;m Lucas and I&#8217;m from Argentina. I had been dating my current wife for two years and we decided to move in together. We were clear that we didn&#8217;t want to rent. I know we were lucky because it took us five months in total, when there are acquaintances and friends who took much longer. In any case, it wasn&#8217;t easy. The eagerness of the real estate agents to sell caused us more than one useless visit. The ads, in many cases, were a fiasco. They want to sell to you no matter what. No matter how many questions we asked on the phone, we were still surprised, not to say disappointed. For example, we asked for two bedrooms, and we found that the second bedroom was\u2026 a covered patio or a kitchen-dining room! When we started looking, we agreed that we would move to a neighbourhood where we both felt comfortable. She came from the north zone and I from Villa Urquiza and we decided to limit ourselves to N\u00fa\u00f1ez, Saavedra and Vicente L\u00f3pez. As we thought, it wasn&#8217;t easy. The truth is that a lot of what was on sale were simply a disaster. The new ones looked like they were made of cardboard. Or, if not, there were those old apartments that are advertised with the warning to recycle. Which in other words meant to do it again, because they were in a deplorable state.<\/p>\n\n\n\n<p>Until one day we found an apartment that we loved: first floor with stairs, super quiet, with a balcony overlooking some trees. Obtaining the loan was a separate chapter. We had agreed that we would take it out with the longest term possible and at a fixed rate. The whole process took us four months, a reasonable time, although for me those four months were equivalent to four years. We ended up taking out the loan from Banco Naci\u00f3n, where the conditions were good and, in addition, we found a girl in charge of the operation who was a great support. She was very organized and helped us a lot throughout the process. I punctually delivered each one of the thousand pieces of paper that the bank required of us. It was not at all simple. We had to go from one place to another and always with uncertainty. Will the certificate they ask for appear? Will the paper be there? Will they approve it? And in the meantime, the pressure from the owner: we had to calm him down, convince him that things were going well and that he had to be a little patient. The story has a happy ending because the day of the deed finally arrived. Today, when I think back on those months, I wonder how we managed to bear so much tension. But I also remember the moment when we signed the papers. How exciting! The girl at the bank told me that she had never seen anyone so happy. And well, today we are here, in our house, more beautiful every day.<\/p>\n\n\n\n<div class=\"wp-block-buttons is-layout-flex wp-block-buttons-is-layout-flex\">\n<div class=\"wp-block-button\"><a class=\"wp-block-button__link wp-element-button\" href=\"https:\/\/lanzaworx.com\/dele\/examen-2\/examen-2-prueba-2\/examen2-prueba-2-tarea-2\/\">Back<\/a><\/div>\n<\/div>\n\n\n\n<h2 class=\"wp-block-heading\">Preguntas<\/h2>\n\n\n\n<h2 class=\"wp-block-heading\">7. Lucas says in the audition that he and his girlfriend:<\/h2>\n\n\n\n<p>a) Decided to buy a house when they got married.<br>b) They couldn&#8217;t agree on whether to buy or rent.<br>c) They had been dating for two years when they decided to buy.<\/p>\n\n\n\n<ol class=\"wp-block-list\"><\/ol>\n\n\n\n<h2 class=\"wp-block-heading\">8. According to the audio, Lucas&#8217;s problems were due to:<\/h2>\n\n\n\n<p>a) A lot of the advertising they saw was false.<br>b) They didn&#8217;t ask before going to see apartments.<br>c) It was difficult to find apartments with two bedrooms.<\/p>\n\n\n\n<h2 class=\"wp-block-heading\">9. According to the recording, Lucas and his girlfriend:<\/h2>\n\n\n\n<p>a) Lived in the same neighborhood where they found the house.<br>b) They came from different neighborhoods.<br>c) They wanted to find something in the north area.<\/p>\n\n\n\n<h2 class=\"wp-block-heading\">10. Lucas says that the bank paperwork took:<\/h2>\n\n\n\n<p>a) Four years.<br>b) More than usual.<br>c) A normal amount of time.<\/p>\n\n\n\n<h2 class=\"wp-block-heading\">11. According to Lucas, some of the paperwork that the bank asked for:<\/h2>\n\n\n\n<p>a) Was not delivered on time.<br>b) Was difficult to obtain.<br>c) Had to be done by the owner.<\/p>\n\n\n\n<h2 class=\"wp-block-heading\">12. On the day of signing, the bank employee said that:<\/h2>\n\n\n\n<p>a) It was the most beautiful house she had ever seen.<br>b) She was very excited.<br>c) Lucas seemed very happy.<\/p>\n\n\n\n<div class=\"wp-block-buttons is-layout-flex wp-block-buttons-is-layout-flex\">\n<div class=\"wp-block-button\"><a class=\"wp-block-button__link wp-element-button\" href=\"https:\/\/lanzaworx.com\/dele\/examen-2\/examen-2-prueba-2\/examen2-prueba-2-tarea-2\/\">Back<\/a><\/div>\n<\/div>\n\n\n\n<ol start=\"8\" class=\"wp-block-list\"><\/ol>\n","protected":false},"excerpt":{"rendered":"<p>Next you will hear a fragment of the program Tell us your experience in which Lucas recounts how he bought his first house. You will hear it twice. Then select the correct option, a), b)or c), for each question, 7-12. Cu\u00e9ntanos tu experiencia Hola, soy Lucas y vengo de Argentina. Yo Ilevaba dos a\u00f1ios de &hellip; <\/p>\n<p class=\"link-more\"><a href=\"https:\/\/lanzaworx.com\/dele\/examen-2\/examen-2-prueba-2\/examen2-prueba-2-tarea-2\/examen2-prueba-2-tarea-2-transcripciones\/\" class=\"more-link\">Continue reading<span class=\"screen-reader-text\"> &#8220;Examen2 Prueba 2 Tarea 2 Transcripciones&#8221;<\/span><\/a><\/p>\n","protected":false},"author":1,"featured_media":0,"parent":1057,"menu_order":0,"comment_status":"closed","ping_status":"closed","template":"","meta":{"advanced_seo_description":"","jetpack_seo_html_title":"","jetpack_seo_noindex":false,"footnotes":""},"class_list":["post-1058","page","type-page","status-publish","hentry"],"jetpack_sharing_enabled":true,"_links":{"self":[{"href":"https:\/\/lanzaworx.com\/dele\/wp-json\/wp\/v2\/pages\/1058","targetHints":{"allow":["GET"]}}],"collection":[{"href":"https:\/\/lanzaworx.com\/dele\/wp-json\/wp\/v2\/pages"}],"about":[{"href":"https:\/\/lanzaworx.com\/dele\/wp-json\/wp\/v2\/types\/page"}],"author":[{"embeddable":true,"href":"https:\/\/lanzaworx.com\/dele\/wp-json\/wp\/v2\/users\/1"}],"replies":[{"embeddable":true,"href":"https:\/\/lanzaworx.com\/dele\/wp-json\/wp\/v2\/comments?post=1058"}],"version-history":[{"count":16,"href":"https:\/\/lanzaworx.com\/dele\/wp-json\/wp\/v2\/pages\/1058\/revisions"}],"predecessor-version":[{"id":1085,"href":"https:\/\/lanzaworx.com\/dele\/wp-json\/wp\/v2\/pages\/1058\/revisions\/1085"}],"up":[{"embeddable":true,"href":"https:\/\/lanzaworx.com\/dele\/wp-json\/wp\/v2\/pages\/1057"}],"wp:attachment":[{"href":"https:\/\/lanzaworx.com\/dele\/wp-json\/wp\/v2\/media?parent=1058"}],"curies":[{"name":"wp","href":"https:\/\/api.w.org\/{rel}","templated":true}]}}