{"id":1029,"date":"2025-01-10T18:13:59","date_gmt":"2025-01-10T18:13:59","guid":{"rendered":"https:\/\/lanzaworx.com\/dele\/?page_id=1029"},"modified":"2025-01-10T19:35:12","modified_gmt":"2025-01-10T19:35:12","slug":"examen-2-vocabolario","status":"publish","type":"page","link":"https:\/\/lanzaworx.com\/dele\/examen-2\/examen-2-vocabolario\/","title":{"rendered":"Examen 2 Vocabolario"},"content":{"rendered":"\n<div class=\"wp-block-columns is-layout-flex wp-container-core-columns-is-layout-9d6595d7 wp-block-columns-is-layout-flex\">\n<div class=\"wp-block-column is-layout-flow wp-block-column-is-layout-flow\">\n<h2 class=\"wp-block-heading\">Personas<\/h2>\n\n\n\n<p>Due\u00f1io\/a (el, la)<br>Inquilino\/a (el, la)<br>Portero\/a (el, la)<br>Presidente\/a de la comunidad (el, la)<br>Vecino\/a (el, la)<\/p>\n\n\n\n<h2 class=\"wp-block-heading\">Edificios<\/h2>\n\n\n\n<p>Ascensor (el)<br>\u00c1tico (el)<br>Bajo (el)<br>Balc\u00f3n (el)<br>Escaleras (las)<br>Pared (la)<br>Piso (el) Planta (la)<br>Portal (el)<br>Puerta (la)<br>S\u00f3tano (el)<br>Techo (el)<br>Tejado (el)<\/p>\n\n\n\n<h2 class=\"wp-block-heading\">Tipo De Viviendas<\/h2>\n\n\n\n<p>Apartamento (el)<br>Estudio (el)<br>El chal\u00e9 independiente<br>El chal\u00e8 adosado<br>D\u00faplex (el)<br>Piso (el)<\/p>\n\n\n\n<h2 class=\"wp-block-heading\">Habitaciones<\/h2>\n\n\n\n<p>Ba\u00f1o (el)<br>Cocina (la)<br>Comedor (el)<br>Dormitorio de matrimonio(el)<br>Dormitorio de los ni\u00f1ios (el)<br>Entrada (la) Recibidor (el)<br>Estudio (el)<br>Pasillo (el)<br>Patio (el)<br>Sala de estar (la)<br>Sal\u00f3n (el)<\/p>\n\n\n\n<h2 class=\"wp-block-heading\">Muebles y Otros<\/h2>\n\n\n\n<p>Alfombra (la)<br>Armario (el)<br>Cama (la)<\/p>\n<\/div>\n\n\n\n<div class=\"wp-block-column is-layout-flow wp-block-column-is-layout-flow\">\n<h2 class=\"wp-block-heading\">Muebles y Otros (contin\u00faa)<\/h2>\n\n\n\n<p>C\u00f3moda (la)<br>Espejo (el)<br>Estanteria (la)<br>L\u00e1mpara (la)<br>Litera (la)<br>Mesa (la)<br>La Mesa de ordenador<br>La Mesa de escritorio<br>Mesilla de noche (la)<br>Sill\u00f3n (el)<br>Sof\u00e1 (el)<\/p>\n\n\n\n<h2 class=\"wp-block-heading\">Electrodom\u00e9sticos<\/h2>\n\n\n\n<p>Aire acondicionado (el)<br>La cocina el\u00e9ctrica<br>La cocina de gas<br>La cocina vitrocer\u00e1mica<br>Lavadora (la)<br>Lavavajillas (el)<br>Microondas (el)<br>Nevera (la)<br>Frigorifico (el)<\/p>\n\n\n\n<h2 class=\"wp-block-heading\">Sanitarios<\/h2>\n\n\n\n<p>Ba\u00f1iera (la)<br>Bid\u00e9 (el)<br>Ducha (la)<br>Lavabo (el)<br>V\u00e1ter (el) (el inodoro)<\/p>\n\n\n\n<h2 class=\"wp-block-heading\">Verbos<\/h2>\n\n\n\n<p>Alojarse<br>Alquilar<br>Amueblar<br>Construir<br>Decorar<br>Mudarse<br>Reformar<\/p>\n\n\n\n<h2 class=\"wp-block-heading\">Descripci\u00f3n de la Vivienda<\/h2>\n\n\n\n<p>A las afueras<br>Amplia<br>Bien comunicada<br>Interior # Exterior<br>Luminosa # Oscura<br>Ruidosa # Tranquila<\/p>\n<\/div>\n<\/div>\n\n\n\n<div class=\"wp-block-buttons is-layout-flex wp-block-buttons-is-layout-flex\">\n<div class=\"wp-block-button\"><a class=\"wp-block-button__link wp-element-button\" href=\"https:\/\/lanzaworx.com\/dele\/examen-2\/examen-2-vocabolario\/examen-2-vocabolario-transcripciones\/\">Transcripciones<\/a><\/div>\n<\/div>\n\n\n\n<p><\/p>\n","protected":false},"excerpt":{"rendered":"<p>Personas Due\u00f1io\/a (el, la)Inquilino\/a (el, la)Portero\/a (el, la)Presidente\/a de la comunidad (el, la)Vecino\/a (el, la) Edificios Ascensor (el)\u00c1tico (el)Bajo (el)Balc\u00f3n (el)Escaleras (las)Pared (la)Piso (el) Planta (la)Portal (el)Puerta (la)S\u00f3tano (el)Techo (el)Tejado (el) Tipo De Viviendas Apartamento (el)Estudio (el)El chal\u00e9 independienteEl chal\u00e8 adosadoD\u00faplex (el)Piso (el) Habitaciones Ba\u00f1o (el)Cocina (la)Comedor (el)Dormitorio de matrimonio(el)Dormitorio de los ni\u00f1ios (el)Entrada (la) &hellip; <\/p>\n<p class=\"link-more\"><a href=\"https:\/\/lanzaworx.com\/dele\/examen-2\/examen-2-vocabolario\/\" class=\"more-link\">Continue reading<span class=\"screen-reader-text\"> &#8220;Examen 2 Vocabolario&#8221;<\/span><\/a><\/p>\n","protected":false},"author":1,"featured_media":0,"parent":322,"menu_order":0,"comment_status":"closed","ping_status":"closed","template":"","meta":{"advanced_seo_description":"","jetpack_seo_html_title":"","jetpack_seo_noindex":false,"footnotes":""},"class_list":["post-1029","page","type-page","status-publish","hentry"],"jetpack_sharing_enabled":true,"_links":{"self":[{"href":"https:\/\/lanzaworx.com\/dele\/wp-json\/wp\/v2\/pages\/1029","targetHints":{"allow":["GET"]}}],"collection":[{"href":"https:\/\/lanzaworx.com\/dele\/wp-json\/wp\/v2\/pages"}],"about":[{"href":"https:\/\/lanzaworx.com\/dele\/wp-json\/wp\/v2\/types\/page"}],"author":[{"embeddable":true,"href":"https:\/\/lanzaworx.com\/dele\/wp-json\/wp\/v2\/users\/1"}],"replies":[{"embeddable":true,"href":"https:\/\/lanzaworx.com\/dele\/wp-json\/wp\/v2\/comments?post=1029"}],"version-history":[{"count":11,"href":"https:\/\/lanzaworx.com\/dele\/wp-json\/wp\/v2\/pages\/1029\/revisions"}],"predecessor-version":[{"id":1054,"href":"https:\/\/lanzaworx.com\/dele\/wp-json\/wp\/v2\/pages\/1029\/revisions\/1054"}],"up":[{"embeddable":true,"href":"https:\/\/lanzaworx.com\/dele\/wp-json\/wp\/v2\/pages\/322"}],"wp:attachment":[{"href":"https:\/\/lanzaworx.com\/dele\/wp-json\/wp\/v2\/media?parent=1029"}],"curies":[{"name":"wp","href":"https:\/\/api.w.org\/{rel}","templated":true}]}}